{"id":2,"date":"2014-01-06T17:32:45","date_gmt":"2014-01-06T17:32:45","guid":{"rendered":"https:\/\/josezorita.es\/web\/webjoseluis\/?page_id=2"},"modified":"2018-07-02T15:51:54","modified_gmt":"2018-07-02T15:51:54","slug":"pagina-ejemplo","status":"publish","type":"page","link":"https:\/\/jlfernandezescultor.es\/","title":{"rendered":"Materia y Forma"},"content":{"rendered":"<p style=\"text-align: justify;\">Cuando un artista trabaja la materia para darle forma est\u00e1 ejerciendo su dominio sobre el elemento; est\u00e1 luchando por someter la materia a la est\u00e9tica y est\u00e1 haciendo llegar al p\u00fablico, a trav\u00e9s de una forma, una idea, un pensamiento, una manera de contemplar la realidad. A veces, esta realidad se expresa a trav\u00e9s de la forma abstracta sin que ello reste veracidad a la obra; a veces, la escultura muestra un aire de fantas\u00eda con la que su creador ha querido decir al p\u00fablico cu\u00e1l es la autentica sensaci\u00f3n que le produce una visi\u00f3n o un pensamiento. En definitiva, es \u00a0una manera de expresar lo que se siente, lo que se intuye o lo que se ve.<\/p>\n<p style=\"text-align: justify;\">Doblegar la rigidez para convertirla en forma de suavidad redondeada, sin aristas, templada, que mantiene la calidez y la nobleza del material, sea bronce, madera o piedra. Las manos del escultor dan forma a la materia para presentarla al p\u00fablico con la misma pureza de su estado primitivo, pero con la est\u00e9tica de la idea que el artista concibi\u00f3.<\/p>\n<p style=\"text-align: justify;\">A trav\u00e9s de los a\u00f1os, el artista va tambi\u00e9n esculpiendo su personalidad, su manera de ver las cosas, de concebirlas, y esa experiencia es como un soplo que va transmitiendo a su propia obra. Eso es lo que llaman los cr\u00edticos la evoluci\u00f3n, el enriquecimiento de la personalidad escult\u00f3rica; la formaci\u00f3n para trabajar con los elementos, a\u00f1adiendo a su t\u00e9cnica el conocimiento de oficios artesanos para amansar el car\u00e1cter cimarr\u00f3n de los materiales.<\/p>\n<p style=\"text-align: justify;\">Las series Osamentas, Org\u00e1nica, Arb\u00f3reas, Totems, Germinaciones, Encuentros y Gallinetas. Y otras, digamos de tem\u00e1tica libre, como \u201cLa Manzana de Eva\u201d, donde la serpiente , representada en sutil espiral, trepa sobre el firme tronco del cipr\u00e9s hasta alcanzar la fruta prohibida, o el Trino Saurio, en madera de Caobilla, que se a\u00fapa en jur\u00e1sico movimiento sobre s\u00ed mismo, son algunas de mis creaciones que dan muestra de esa evoluci\u00f3n. Pero igual podr\u00edamos decir de las esculturas en bronce o en piedra, que dejan ver tambi\u00e9n la huella del tiempo en el tratamiento de estos, a veces, delicados materiales.<\/p>\n<p style=\"text-align: justify;\">Me gusta que, a veces, el espectador de mis esculturas tenga la sensaci\u00f3n de que devuelvo la materia a su origen primitivo, porque ese es mi compromiso con el medio, y as\u00ed la materia como tal s\u00f3lo es un veh\u00edculo para transmitir una idea y hace posible que ambas, materia e idea, prevalezcan.<\/p>\n<p>Jos\u00e9 Luis Fern\u00e1ndez<\/p>\n","protected":false},"excerpt":{"rendered":"<p>Cuando un artista trabaja la materia para darle forma est\u00e1 ejerciendo su dominio sobre el elemento; est\u00e1 luchando por someter la materia a la est\u00e9tica y est\u00e1 haciendo llegar al p\u00fablico, a trav\u00e9s de una forma, una idea, un pensamiento, una manera de contemplar la realidad. A veces, esta realidad se expresa a trav\u00e9s de [&hellip;]<\/p>\n","protected":false},"author":1,"featured_media":0,"parent":0,"menu_order":0,"comment_status":"closed","ping_status":"closed","template":"","meta":[],"_links":{"self":[{"href":"https:\/\/jlfernandezescultor.es\/index.php?rest_route=\/wp\/v2\/pages\/2"}],"collection":[{"href":"https:\/\/jlfernandezescultor.es\/index.php?rest_route=\/wp\/v2\/pages"}],"about":[{"href":"https:\/\/jlfernandezescultor.es\/index.php?rest_route=\/wp\/v2\/types\/page"}],"author":[{"embeddable":true,"href":"https:\/\/jlfernandezescultor.es\/index.php?rest_route=\/wp\/v2\/users\/1"}],"replies":[{"embeddable":true,"href":"https:\/\/jlfernandezescultor.es\/index.php?rest_route=%2Fwp%2Fv2%2Fcomments&post=2"}],"version-history":[{"count":10,"href":"https:\/\/jlfernandezescultor.es\/index.php?rest_route=\/wp\/v2\/pages\/2\/revisions"}],"predecessor-version":[{"id":258,"href":"https:\/\/jlfernandezescultor.es\/index.php?rest_route=\/wp\/v2\/pages\/2\/revisions\/258"}],"wp:attachment":[{"href":"https:\/\/jlfernandezescultor.es\/index.php?rest_route=%2Fwp%2Fv2%2Fmedia&parent=2"}],"curies":[{"name":"wp","href":"https:\/\/api.w.org\/{rel}","templated":true}]}}